{"id":31,"date":"2016-06-12T22:14:29","date_gmt":"2016-06-12T20:14:29","guid":{"rendered":"https:\/\/forum-helveticum.ch\/de\/?page_id=31"},"modified":"2024-12-03T16:31:00","modified_gmt":"2024-12-03T15:31:00","slug":"geschaeftsstelle","status":"publish","type":"page","link":"https:\/\/forum-helveticum.ch\/de\/ueber-uns\/geschaeftsstelle\/","title":{"rendered":"Gesch\u00e4ftsstelle"},"content":{"rendered":"<p>Die Gesch\u00e4ftsstelle besteht aus der Leiterin des Forum Helveticum und einer Projektleiterin. Nach Bedarf wird projektbezogen zus\u00e4tzliches Personal angestellt. Das Forum Helveticum ist dem Netzwerk M\u00fcllerhaus in Lenzburg angeschlossen, bei dem es professionelle Sekretariatsleistungen bezieht.<\/p>\r\n<table style=\"height: 417px; width: 62.5048%;\">\r\n<tbody>\r\n<tr style=\"height: 24px;\">\r\n<td style=\"width: 41.1848%; height: 24px;\"><strong>Leitung<br \/>\r\n<\/strong><\/td>\r\n<td style=\"width: 102.654%; height: 24px;\">\u00a0<\/td>\r\n<\/tr>\r\n<tr style=\"height: 154px;\">\r\n<td style=\"width: 41.1848%; height: 182px; vertical-align: top;\"><img loading=\"lazy\" decoding=\"async\" class=\"alignnone size-medium wp-image-15561\" src=\"https:\/\/forum-helveticum.ch\/wp-content\/uploads\/2024\/09\/M.Girardet-467x700.jpg\" alt=\"\" width=\"467\" height=\"700\" \/><\/td>\r\n<td style=\"width: 102.654%; height: 182px; vertical-align: top;\"><strong>M\u00e9lanie Girardet<\/strong><br \/>\r\nForum Helveticum<br \/>\r\nBleicherain 7<br \/>\r\n5600 Lenzburg<br \/>\r\nTel. 062 888 01 25<br \/>\r\n<a href=\"mailto:girardet@forum-helveticum.ch\">Mail<\/a><\/td>\r\n<\/tr>\r\n<tr style=\"height: 24px;\">\r\n<td style=\"width: 41.1848%; height: 24px;\"><strong>Projektleitung<br \/>\r\n<\/strong><\/td>\r\n<td style=\"width: 102.654%; height: 24px;\">\u00a0<\/td>\r\n<\/tr>\r\n<tr style=\"height: 154px;\">\r\n<td style=\"width: 41.1848%; height: 30px; vertical-align: top;\"><img loading=\"lazy\" decoding=\"async\" class=\"alignnone  wp-image-12351\" src=\"https:\/\/forum-helveticum.ch\/wp-content\/uploads\/2022\/02\/Photo-Marine-Borel-scaled-e1644306120472-573x700.jpg\" alt=\"\" width=\"139\" height=\"170\" \/><\/td>\r\n<td style=\"width: 102.654%; height: 30px; vertical-align: top;\"><strong>Dr. Marine Borel<\/strong><br \/>\r\nForum Helveticum<br \/>\r\nBleicherain 7<br \/>\r\n5600 Lenzburg<br \/>\r\nTel. 062 888 01 25<br \/>\r\n<a href=\"mailto:borel@forum-helveticum.ch\">Mail<\/a><\/td>\r\n<\/tr>\r\n<tr style=\"height: 24px;\">\r\n<td style=\"width: 41.1848%; height: 24px;\"><strong>Sekretariat<\/strong><\/td>\r\n<td style=\"width: 102.654%; height: 24px;\">\u00a0<\/td>\r\n<\/tr>\r\n<tr style=\"height: 24px;\">\r\n<td style=\"width: 41.1848%; height: 133px;\"><strong>\u00a0<\/strong><\/td>\r\n<td style=\"width: 102.654%; height: 133px; vertical-align: top;\"><strong>Christine Baumann<\/strong><br \/>\r\nStv. Gesch\u00e4ftsf\u00fchrerin Netzwerk M\u00fcllerhaus<br \/>\r\nBleicherain 7<br \/>\r\n5600 Lenzburg<br \/>\r\nTel. 062 888 01 00<br \/>\r\n<a href=\"mailto:info@netzwerk-muellerhaus.ch\">Mail<\/a><\/td>\r\n<\/tr>\r\n<\/tbody>\r\n<\/table>\r\n<p>&nbsp;<\/p>\r\n<p>Die Revisionsstelle besteht aus zwei Personen. Sie pr\u00fcft die Jahresrechnung und erstattet dem Leitenden Aus\u00adschuss zuhanden der Delegiertenversammlung dar\u00fcber Bericht.<\/p>\r\n<table style=\"height: 75px; width: 65.0025%;\">\r\n<tbody>\r\n<tr>\r\n<td style=\"width: 35.4312%;\"><strong>Revisionstelle<\/strong><\/td>\r\n<td style=\"width: 75.0872%;\">\u00a0<\/td>\r\n<\/tr>\r\n<tr>\r\n<td style=\"width: 35.4312%; vertical-align: top;\"><img loading=\"lazy\" decoding=\"async\" class=\"alignnone size-full wp-image-13789\" src=\"https:\/\/forum-helveticum.ch\/wp-content\/uploads\/2023\/04\/Reto-Ackermann-1.png\" alt=\"\" width=\"160\" height=\"148\" \/><\/td>\r\n<td style=\"width: 75.0872%; vertical-align: top;\">Reto Ackermann<br \/>\r\nDipl. Wirtschaftspr\u00fcfer, zugel. Revisionsexperte<br \/>\r\nArimec Audit AG<br \/>\r\nReiherweg 2<br \/>\r\n5034 Suhr<br \/>\r\n<a href=\"mailto:info@arimec-audit.ch\">Mail<\/a><\/td>\r\n<\/tr>\r\n<tr>\r\n<td style=\"width: 35.4312%; vertical-align: top;\"><img loading=\"lazy\" decoding=\"async\" class=\"alignnone size-full wp-image-13783\" src=\"https:\/\/forum-helveticum.ch\/wp-content\/uploads\/2023\/04\/Marco-Zanetti-1.png\" alt=\"\" width=\"169\" height=\"157\" \/><\/td>\r\n<td style=\"width: 75.0872%; vertical-align: top;\">Marco Zanetti<br \/>\r\nDipl. Wirtschaftspr\u00fcfer, zugelassener Revisionsexperte<br \/>\r\nArimec Audit AG<br \/>\r\nReiherweg 2<br \/>\r\n5034 Suhr<br \/>\r\n<a href=\"mailto:info@arimec-audit.ch\">Mail<\/a><\/td>\r\n<\/tr>\r\n<\/tbody>\r\n<\/table>\r\n<p>&nbsp;<\/p>","protected":false},"excerpt":{"rendered":"<p>Die Gesch\u00e4ftsstelle besteht aus der Leiterin des Forum Helveticum und einer Projektleiterin. Nach Bedarf wird projektbezogen zus\u00e4tzliches Personal angestellt. Das Forum Helveticum ist dem Netzwerk M\u00fcllerhaus in Lenzburg angeschlossen, bei dem es professionelle Sekretariatsleistungen bezieht. Leitung \u00a0 M\u00e9lanie Girardet Forum Helveticum Bleicherain 7 5600 Lenzburg Tel. 062 888 01 25 Mail Projektleitung \u00a0 Dr. Marine&nbsp;<a class=\"more\" href=\"https:\/\/forum-helveticum.ch\/de\/ueber-uns\/geschaeftsstelle\/\">Mehr<\/a><\/p>\n","protected":false},"author":2,"featured_media":0,"parent":21,"menu_order":3,"comment_status":"closed","ping_status":"closed","template":"","meta":{"_acf_changed":false,"footnotes":""},"class_list":["post-31","page","type-page","status-publish","hentry"],"acf":[],"_links":{"self":[{"href":"https:\/\/forum-helveticum.ch\/de\/wp-json\/wp\/v2\/pages\/31","targetHints":{"allow":["GET"]}}],"collection":[{"href":"https:\/\/forum-helveticum.ch\/de\/wp-json\/wp\/v2\/pages"}],"about":[{"href":"https:\/\/forum-helveticum.ch\/de\/wp-json\/wp\/v2\/types\/page"}],"author":[{"embeddable":true,"href":"https:\/\/forum-helveticum.ch\/de\/wp-json\/wp\/v2\/users\/2"}],"replies":[{"embeddable":true,"href":"https:\/\/forum-helveticum.ch\/de\/wp-json\/wp\/v2\/comments?post=31"}],"version-history":[{"count":0,"href":"https:\/\/forum-helveticum.ch\/de\/wp-json\/wp\/v2\/pages\/31\/revisions"}],"up":[{"embeddable":true,"href":"https:\/\/forum-helveticum.ch\/de\/wp-json\/wp\/v2\/pages\/21"}],"wp:attachment":[{"href":"https:\/\/forum-helveticum.ch\/de\/wp-json\/wp\/v2\/media?parent=31"}],"curies":[{"name":"wp","href":"https:\/\/api.w.org\/{rel}","templated":true}]}}

Geschäftsstelle

<p>Die Geschäftsstelle besteht aus der Leiterin des Forum Helveticum und einer Projektleiterin. Nach Bedarf wird projektbezogen zusätzliches Personal angestellt. Das Forum Helveticum ist dem Netzwerk Müllerhaus in Lenzburg angeschlossen, bei dem es professionelle Sekretariatsleistungen bezieht.</p>
<table style="height: 417px; width: 62.5048%;">
<tbody>
<tr style="height: 24px;">
<td style="width: 41.1848%; height: 24px;"><strong>Leitung<br />
</strong></td>
<td style="width: 102.654%; height: 24px;"> </td>
</tr>
<tr style="height: 154px;">
<td style="width: 41.1848%; height: 182px; vertical-align: top;"><img loading="lazy" decoding="async" class="alignnone size-medium wp-image-15561" src="https://forum-helveticum.ch/wp-content/uploads/2024/09/M.Girardet-467x700.jpg" alt="" width="467" height="700" /></td>
<td style="width: 102.654%; height: 182px; vertical-align: top;"><strong>Mélanie Girardet</strong><br />
Forum Helveticum<br />
Bleicherain 7<br />
5600 Lenzburg<br />
Tel. 062 888 01 25<br />
<a href="mailto:girardet@forum-helveticum.ch">Mail</a></td>
</tr>
<tr style="height: 24px;">
<td style="width: 41.1848%; height: 24px;"><strong>Projektleitung<br />
</strong></td>
<td style="width: 102.654%; height: 24px;"> </td>
</tr>
<tr style="height: 154px;">
<td style="width: 41.1848%; height: 30px; vertical-align: top;"><img loading="lazy" decoding="async" class="alignnone  wp-image-12351" src="https://forum-helveticum.ch/wp-content/uploads/2022/02/Photo-Marine-Borel-scaled-e1644306120472-573x700.jpg" alt="" width="139" height="170" /></td>
<td style="width: 102.654%; height: 30px; vertical-align: top;"><strong>Dr. Marine Borel</strong><br />
Forum Helveticum<br />
Bleicherain 7<br />
5600 Lenzburg<br />
Tel. 062 888 01 25<br />
<a href="mailto:borel@forum-helveticum.ch">Mail</a></td>
</tr>
<tr style="height: 24px;">
<td style="width: 41.1848%; height: 24px;"><strong>Sekretariat</strong></td>
<td style="width: 102.654%; height: 24px;"> </td>
</tr>
<tr style="height: 24px;">
<td style="width: 41.1848%; height: 133px;"><strong> </strong></td>
<td style="width: 102.654%; height: 133px; vertical-align: top;"><strong>Christine Baumann</strong><br />
Stv. Geschäftsführerin Netzwerk Müllerhaus<br />
Bleicherain 7<br />
5600 Lenzburg<br />
Tel. 062 888 01 00<br />
<a href="mailto:info@netzwerk-muellerhaus.ch">Mail</a></td>
</tr>
</tbody>
</table>
<p>&nbsp;</p>
<p>Die Revisionsstelle besteht aus zwei Personen. Sie prüft die Jahresrechnung und erstattet dem Leitenden Aus­schuss zuhanden der Delegiertenversammlung darüber Bericht.</p>
<table style="height: 75px; width: 65.0025%;">
<tbody>
<tr>
<td style="width: 35.4312%;"><strong>Revisionstelle</strong></td>
<td style="width: 75.0872%;"> </td>
</tr>
<tr>
<td style="width: 35.4312%; vertical-align: top;"><img loading="lazy" decoding="async" class="alignnone size-full wp-image-13789" src="https://forum-helveticum.ch/wp-content/uploads/2023/04/Reto-Ackermann-1.png" alt="" width="160" height="148" /></td>
<td style="width: 75.0872%; vertical-align: top;">Reto Ackermann<br />
Dipl. Wirtschaftsprüfer, zugel. Revisionsexperte<br />
Arimec Audit AG<br />
Reiherweg 2<br />
5034 Suhr<br />
<a href="mailto:info@arimec-audit.ch">Mail</a></td>
</tr>
<tr>
<td style="width: 35.4312%; vertical-align: top;"><img loading="lazy" decoding="async" class="alignnone size-full wp-image-13783" src="https://forum-helveticum.ch/wp-content/uploads/2023/04/Marco-Zanetti-1.png" alt="" width="169" height="157" /></td>
<td style="width: 75.0872%; vertical-align: top;">Marco Zanetti<br />
Dipl. Wirtschaftsprüfer, zugelassener Revisionsexperte<br />
Arimec Audit AG<br />
Reiherweg 2<br />
5034 Suhr<br />
<a href="mailto:info@arimec-audit.ch">Mail</a></td>
</tr>
</tbody>
</table>
<p>&nbsp;</p>

<p>Die Geschäftsstelle besteht aus der Leiterin des Forum Helveticum und einer Projektleiterin. Nach Bedarf wird projektbezogen zusätzliches Personal angestellt. Das Forum Helveticum ist dem Netzwerk Müllerhaus in Lenzburg angeschlossen, bei dem es professionelle Sekretariatsleistungen bezieht. Leitung   Mélanie Girardet Forum Helveticum Bleicherain 7 5600 Lenzburg Tel. 062 888 01 25 Mail Projektleitung   Dr. Marine&nbsp;<a class="more" href="https://forum-helveticum.ch/de/ueber-uns/geschaeftsstelle/">Mehr</a></p>
